3*g. What is the tens digit of g?
0
Let m = 11793 - 1968. What is the thousands digit of m?
9
Suppose -2*w + 2*t - 46 = 0, 5*w - w + 4*t + 92 = 0. Let d = w - -27. What is the units digit of (25/5)/(d/32)?
0
Suppose -16*g + 316004 = -84716. What is the ten thousands digit of g?
2
Let m(c) = -6*c + 130. Let p be m(23). Let j(q) = 2*q**2 - 15*q - 11. What is the hundreds digit of j(p)?
2
Suppose 2 + 2 = -r. Let n(z) = 2*z + 11. Let d be n(r). Suppose d*w = w + 150. What is the tens digit of w?
7
Suppose 0 = -3*y - 16*y + 36632. Let x = -1097 + y. What is the units digit of x?
1
Suppose 16*z - 10*z = 90. Suppose -1 - z = -r. Let b = r + 49. What is the tens digit of b?
6
Let s(j) = j**2 - 17*j + 19. Let o be s(16). Suppose 38*u - 36295 = o*u. What is the hundreds digit of u?
0
Let c be ((-32)/(-10))/((-36)/90). Let h(n) = 5*n**2 - 11*n + 10. What is the units digit of h(c)?
8
What is the hundreds digit of 27*(-9)/(-54)*(-5812)/(-3)?
7
Suppose -8*f = 10*f. Suppose -10*i + 3*i + 2786 = f. What is the tens digit of i?
9
Suppose 2*v + 0*q = -q - 25, v - 3*q + 9 = 0. Let n(c) = -c**3 - 11*c**2 + 11*c - 13. Let k be n(v). What is the tens digit of (-3)/k + 31 + -2?
3
Let r(t) = t**3 + 11*t**2 + 3*t - 5. Let a = -24 + 15. Let x be r(a). Let g = -81 + x. What is the units digit of g?
9
What is the hundreds digit of (30 + -27)/(-3 + 16/19726*3699)?
8
Let s(x) = -x**3 + 10*x**2 + x - 10. Let v be s(10). Suppose 2*n - 11*n + 54 = v. What is the tens digit of (-156)/(-9) + 16/n + -3?
1
What is the hundreds digit of ((-28)/7 + 16858)*5/10?
4
Suppose -150*p - 50*p + 376906 = -p. What is the hundreds digit of p?
8
Suppose 8*r - 465 = 3*r. Let s = 35 - -115. Let g = r + s. What is the hundreds digit of g?
2
Suppose 3*t + 4*p - 95858 = 0, 4*p - 174364 = -5*t - 14622. What is the hundreds digit of t?
9
Let n be (-17 + -3)/(-4) + 2. Suppose n*k + 8*k - 6315 = 0. What is the tens digit of k?
2
Suppose 4*p + 3*j = 12, -p + 0*j = -2*j - 14. Suppose -p*v + 4880 + 2572 = 0. What is the hundreds digit of v?
2
Let l = 578 + -572. What is the thousands digit of 4 - 60*(-147)/l?
1
Suppose 0 = -d - 3*k - 19 + 5, -2*d + 5*k + 5 = 0. What is the units digit of 971 + (6 - (12 + d))?
0
Suppose 77*i + 14*i = -147*i + 8782200. What is the ten thousands digit of i?
3
Let u(f) = -f**2 - 18*f + 1. Let c be u(15). Let x = c - -1393. What is the units digit of x?
9
Suppose 0 = 4*i - 8*i + m + 43, 5*i - 2*m - 56 = 0. Suppose -8*r = -i*r + 4*b + 888, 0 = 2*r + 4*b - 912. What is the hundreds digit of r?
4
Let t(n) = 29*n + 4143. What is the hundreds digit of t(-76)?
9
Let d(g) = g + 9. Let z be d(3). Suppose z*t = 31*t - 7562. What is the units digit of t?
8
Let w = 17 + -24. Let l be 2*w*(-2)/4. Let m(t) = -t**3 + 8*t**2 + 8*t - 18. What is the units digit of m(l)?
7
Let m(z) = -18*z + 201. Let f be -3 - 48/(28/(-7)). What is the units digit of m(f)?
9
Let o = 8 + -11. Suppose 2*t + 49*d - 93 = 50*d, 0 = -3*t + 5*d + 150. Let q = t - o. What is the units digit of q?
8
Let z = -2078 - -3470. Suppose -j - 108 + 143 = 5*q, -q = -4*j + 35. Suppose -16*u = -j*u - z. What is the tens digit of u?
3
Suppose 0 = -7*q + 6*q + 693. Suppose 11*t - q = -0*t. What is the tens digit of t?
6
Let b be 63/81 - 4/(-18). Let j be 5 + (1 - 3)/b. Suppose 251 = 4*l + j*c, 5*l = -5*c + 135 + 180. What is the units digit of l?
2
Suppose -24 = -n - 3*n - 4*x, 2*x + 3 = n. Suppose -2*v = 0, -m + n*v = -0*m - 9. Let y = 18 - m. What is the units digit of y?
9
What is the thousands digit of (138*((-138)/27 - 0))/(46/(-414))?
6
Let i = -9 + 13. Suppose i*f - 6*f = 1034. What is the units digit of (f/(-3) + -3)*(-21)/(-14)?
4
Let l(y) = 3*y**3 + 19*y**2 + 10*y + 2. Let r be l(-5). Let c be -2*1*5/2. What is the units digit of 20/(c - r/(-10))?
0
Let v be 1/(-5) - (-11)/5. Suppose 5*g - 363 = -i - v*i, 0 = -2*i - g + 235. Suppose 5*y - i = -p, 3*p - 4*y = -273 + 697. What is the units digit of p?
6
What is the ten thousands digit of (9 - 9 - (-21455)/2) + (-9)/(-18)?
1
Let j(c) = c**3 - 15*c**2 + 22*c + 57. Let p be j(13). Suppose -791 = -p*i + 3024. What is the tens digit of i?
6
Let x = -53 - -63. Suppose -x*k = -20 - 40. What is the tens digit of (k/9)/(1/327)?
1
Suppose 2*i = l - 13, -3*i = 3*l + i + 1. Suppose -2*z - 2*z = -3*p + 2, 4*p = -5*z + 13. Suppose c - 146 = -9*j + l*j, -4 = -p*j. What is the tens digit of c?
3
Let o(g) = 82*g**2 - 6*g - 43. Let n be o(-4). Suppose b + 6*p = 2*p + 446, 3*b + 3*p - n = 0. What is the units digit of b?
6
Let c = -43 + 44. Let s be -3 + 1 - c - -21. Suppose -l + s = -1. What is the tens digit of l?
1
Suppose 27*g = 22*g, 2*g - 13637 = -i - 0*i. What is the thousands digit of i?
3
Suppose 3 = l, -3*k - 3*l + 9 = -5*k. Suppose k = 2*i + 6 - 2. What is the hundreds digit of ((-1)/i)/(((-1)/(-1))/212)?
1
Suppose 10*f - 14*f = -a + 2398, -5*a - 2*f + 11990 = 0. What is the thousands digit of a?
2
Suppose -30*h + 31*h = 3. Suppose h*l - 324 - 456 = 0. What is the units digit of ((-3)/(-3))/(5/l)?
2
Suppose 2*p = 4, 7 = 5*y + p - 5. Suppose 19*c - 17*c - 1911 = -5*g, 2*c - y*g = 1890. What is the hundreds digit of c?
9
Let v(u) = 2067*u + 2393. What is the tens digit of v(7)?
6
Let d = 11 - 13. Let i be -4 - (d - (4 + -3)). What is the tens digit of -12 + 17 + (91 - i)?
9
Suppose -142*t - 44858 = -159152 - 2254834. What is the units digit of t?
4
What is the hundreds digit of (-151)/((39/(-78))/(105/2))?
8
Suppose 54*x - 61*x - 7686 = 0. Let c = x + 1897. What is the hundreds digit of c?
7
Suppose 2*s - 3*s - 4*u + 4 = 0, -3*s - u = -1. Suppose -g - 5 = s, 1555 = -q + 5*q + g. What is the units digit of q?
0
Let n(j) = j**3 - 4*j**2 - 6*j. Let f be n(-4). Let t = 1258 + -1073. Let i = t + f. What is the tens digit of i?
8
Let t(k) = 5*k**2 - k. Let h be t(1). Let l(u) = 4*u - 5*u - 3*u**2 + 3 + 16*u**3 + u**3 + h*u**3. What is the hundreds digit of l(2)?
1
Let x be 371/3 - (40/(-12) - -4). Suppose x*c = 141*c - 2682. What is the hundreds digit of c?
1
Suppose u = 4*r - 3*u - 16, r + 4*u = 29. Suppose 3*o - r = -6*o. Let y = o - -12. What is the units digit of y?
3
Let m(k) = -81*k**3 + 2*k**2 + 90*k + 322. What is the tens digit of m(-4)?
7
Let f(g) = 4120*g - 232. What is the units digit of f(8)?
8
Suppose 161*t - 1594 = 157*t - 2*u, -4*u = t - 381. What is the tens digit of t?
0
Suppose -y = -2*h + 26716, h - 48*y = -47*y + 13356. What is the units digit of h?
0
Let p be 134 + (3/2)/((-1)/(-2)). Let v = 80 - p. Let r = 148 + v. What is the tens digit of r?
9
Suppose 4 = 8*o - 6*o. Let x be 5*(-3 + o) + 14. Suppose -55 = -x*r + 287. What is the units digit of r?
8
Let w(z) = 29*z - 27. Let b(t) = 59*t - 53. Let g(i) = -2*b(i) + 5*w(i). What is the hundreds digit of g(17)?
4
Suppose -3*l - 2*l + 25 = 0. Suppose 10*q - 25 = -l. Let f(b) = 20*b**3 - 3*b**2 + 2*b - 3. What is the units digit of f(q)?
9
What is the tens digit of (-270)/(-120)*1056/1?
7
Let x = 42156 - 6356. What is the ten thousands digit of x?
3
Suppose -2*o - 34 = -3*k, 2*k + 2 = -2*o - 3*k. Let n = -4 - o. Suppose 0*s = -n*s + 210. What is the units digit of s?
0
What is the tens digit of (18883 - 0) + (3/12)/(5/80)?
8
Let y = -115580 + 176020. What is the ten thousands digit of y?
6
Let b(a) = a**3 - 13*a**2 + 3*a + 53. Let n(g) = -3*g**3 + 39*g**2 - 8*g - 156. Let h(o) = 8*b(o) + 3*n(o). What is the hundreds digit of h(7)?
2
Suppose -18 = -5*v - 3, 767 = -5*m - v. Let b = 161 + m. Let g(p) = 5*p**2 + 13*p - 24. What is the units digit of g(b)?
2
Let k = -12242 - -17622. What is the units digit of k?
0
Suppose 4*r = 3*r + 3. Suppose -k + 3*w = -r*k + 1333, 2*k - 3*w - 1339 = 0. What is the hundreds digit of k?
6
Suppose -4*g + 21 = 1. Suppose -t + 576 = 2*i, -2820 = 5*t - 10*t + g*i. What is the tens digit of t?
6
Suppose 177 = -5*h - 483. Let l = 130 + h. What is the tens digit of 340/6*(-3)/l + -1?
8
Suppose -4*x + 7*x = 270. Suppose 2*y = h - 4*h + 143, -2*h + 4*y = -x. Suppose -3*m + 64 = -h. What is the units digit of m?
7
Let a(w) = -57 + 180 - 22*w + 40. What is the units digit of a(-23)?
9
Let b(l) = 6*l**2 - 6*l - 2. Let s be b(-1). Suppose -20*u + 12960 = s*u. What is the units digit of u?
2
Let t be -198 - ((-4)/(-1) + 0/11). Let m = t + 261. What is the units digit of m?
9
Suppose -4*q - 3*h = -24